{"id":433,"date":"2020-03-12T14:03:30","date_gmt":"2020-03-12T18:03:30","guid":{"rendered":"http:\/\/b782.gconex.com\/?page_id=433"},"modified":"2022-02-04T15:08:40","modified_gmt":"2022-02-04T19:08:40","slug":"quienes-somos","status":"publish","type":"page","link":"https:\/\/puebloenarmas.com\/0\/quienes-somos\/","title":{"rendered":"\u00bfQui\u00e9nes Somos?"},"content":{"rendered":"\n<p align=\"justify\">La Revista Pueblo En Armas, a lo largo de estos a\u00f1os estuvo presente en las situaciones m\u00e1s dif\u00edciles del pa\u00eds haciendo grandes esfuerzos para publicar, por v\u00eda impresa y \u00faltimamente por la v\u00eda digital. La nueva propuesta digital est\u00e1 dise\u00f1ada para que \u201cPueblo En Armas\u201d sea una fuente de referencia para el debate, reflexi\u00f3n y la investigaci\u00f3n.<\/p>\n\n\n\n<p align=\"justify\">Hoy, la Revista Pueblo En Armas es el \u00f3rgano de difusi\u00f3n de la Fundaci\u00f3n sin fines de lucro \u00abPUEBLO EN ARMAS, CENTRO DE ESTUDIOS E INVESTIGACIONES DE LAS RELACIONES C\u00cdVICO-MILITARES (FUNDAPAS)\u00bb, iniciativa de la Corriente del Pensamiento SERVIR AL PUEBLO\/PSUV.&nbsp; Su Consejo Editorial est\u00e1 conformado por:<\/p>\n\n\n\n<p>Prof. Albert Reveron<\/p>\n\n\n\n<p>Armando Daza<\/p>\n\n\n\n<p>Palmiro Avilan<\/p>\n\n\n\n<p>Prof. Nestor Rivero<\/p>\n\n\n\n<p>Julio Chirinos (El Cabito)<\/p>\n\n\n\n<p>Prof. Miguel Ernesto Salazar<\/p>\n\n\n\n<p>Soc. Nestor Gonzalez (1970-2020)<\/p>\n\n\n\n<p>Soc. Ismelda Montilla<\/p>\n\n\n\n<p>Oscar Rotundo<\/p>\n\n\n\n<p align=\"justify\">Este colectivo de venezolanas y venezolanos rinde homenaje al Internacionalista y guerrillero eterno Pa\u00fal Del Rio (1943-2015), nuestro querido y respetado \u201cM\u00e1ximo Canales\u201d miembro fundador de la Revista Pueblo En Armas, cuyo l\u00e1piz e idea dieron origen al logo de la FUNDAPAS.<\/p>\n\n\n\n<p>Igualmente el Consejo Editorial, rinde sentido homenaje al camarada N\u00e9stor Gonzalez, co-fundador de la Revista Pueblo en Armas y militante de la Corriente de Pensamiento Servir Al Pueblo\/PSUV, quien batall\u00f3 contra el COVID-19 hasta su \u00faltimo aliento.<\/p>\n\n\n\n<p>\u00a1Venceremos!<\/p>\n\n\n\n<p><\/p>\n","protected":false},"excerpt":{"rendered":"<p>La Revista Pueblo En Armas, a lo largo de estos a\u00f1os estuvo presente en las situaciones m\u00e1s dif\u00edciles del pa\u00eds haciendo grandes esfuerzos para<\/p>\n","protected":false},"author":1,"featured_media":0,"parent":0,"menu_order":0,"comment_status":"closed","ping_status":"open","template":"","meta":{"_monsterinsights_skip_tracking":false,"_monsterinsights_sitenote_active":false,"_monsterinsights_sitenote_note":"","_monsterinsights_sitenote_category":0,"footnotes":""},"class_list":["post-433","page","type-page","status-publish","hentry"],"_links":{"self":[{"href":"https:\/\/puebloenarmas.com\/0\/wp-json\/wp\/v2\/pages\/433","targetHints":{"allow":["GET"]}}],"collection":[{"href":"https:\/\/puebloenarmas.com\/0\/wp-json\/wp\/v2\/pages"}],"about":[{"href":"https:\/\/puebloenarmas.com\/0\/wp-json\/wp\/v2\/types\/page"}],"author":[{"embeddable":true,"href":"https:\/\/puebloenarmas.com\/0\/wp-json\/wp\/v2\/users\/1"}],"replies":[{"embeddable":true,"href":"https:\/\/puebloenarmas.com\/0\/wp-json\/wp\/v2\/comments?post=433"}],"version-history":[{"count":16,"href":"https:\/\/puebloenarmas.com\/0\/wp-json\/wp\/v2\/pages\/433\/revisions"}],"predecessor-version":[{"id":2765,"href":"https:\/\/puebloenarmas.com\/0\/wp-json\/wp\/v2\/pages\/433\/revisions\/2765"}],"wp:attachment":[{"href":"https:\/\/puebloenarmas.com\/0\/wp-json\/wp\/v2\/media?parent=433"}],"curies":[{"name":"wp","href":"https:\/\/api.w.org\/{rel}","templated":true}]}}

¿Quiénes Somos?

<p align="justify">La Revista Pueblo En Armas, a lo largo de estos años estuvo presente en las situaciones más difíciles del país haciendo grandes esfuerzos para publicar, por vía impresa y últimamente por la vía digital. La nueva propuesta digital está diseñada para que “Pueblo En Armas” sea una fuente de referencia para el debate, reflexión y la investigación.</p>



<p align="justify">Hoy, la Revista Pueblo En Armas es el órgano de difusión de la Fundación sin fines de lucro «PUEBLO EN ARMAS, CENTRO DE ESTUDIOS E INVESTIGACIONES DE LAS RELACIONES CÍVICO-MILITARES (FUNDAPAS)», iniciativa de la Corriente del Pensamiento SERVIR AL PUEBLO/PSUV.&nbsp; Su Consejo Editorial está conformado por:</p>



<p>Prof. Albert Reveron</p>



<p>Armando Daza</p>



<p>Palmiro Avilan</p>



<p>Prof. Nestor Rivero</p>



<p>Julio Chirinos (El Cabito)</p>



<p>Prof. Miguel Ernesto Salazar</p>



<p>Soc. Nestor Gonzalez (1970-2020)</p>



<p>Soc. Ismelda Montilla</p>



<p>Oscar Rotundo</p>



<p align="justify">Este colectivo de venezolanas y venezolanos rinde homenaje al Internacionalista y guerrillero eterno Paúl Del Rio (1943-2015), nuestro querido y respetado “Máximo Canales” miembro fundador de la Revista Pueblo En Armas, cuyo lápiz e idea dieron origen al logo de la FUNDAPAS.</p>



<p>Igualmente el Consejo Editorial, rinde sentido homenaje al camarada Néstor Gonzalez, co-fundador de la Revista Pueblo en Armas y militante de la Corriente de Pensamiento Servir Al Pueblo/PSUV, quien batalló contra el COVID-19 hasta su último aliento.</p>



<p>¡Venceremos!</p>



<p></p>

<p>La Revista Pueblo En Armas, a lo largo de estos años estuvo presente en las situaciones más difíciles del país haciendo grandes esfuerzos para</p>
